d by 87.
47
Let w = 58 - -306. Suppose 36*j + w = 50*j. Calculate the remainder when 257 is divided by j.
23
Suppose 28*g - 27*g - 98 = 2*j, g + 2*j = 94. What is the remainder when 271 is divided by g?
79
Suppose 228 = 16*q - 14*q. Calculate the remainder when q is divided by 1/5 + -238*7/(-70).
18
Suppose 2*i = 13*i - 27*i + 1344. Calculate the remainder when i is divided by 69.
15
Suppose -15*o + 11*o - 19*o = 0. Suppose 2*v + 65 - 131 = o. What is the remainder when 162 is divided by v?
30
Suppose 9*f - 43795 = 7*f - 17*f. What is the remainder when f is divided by 33?
28
Calculate the remainder when 258 is divided by 425/45 + -2 + 13 + 4/(-9).
18
Let u(y) = -14*y - 79. Suppose -8*f - 154 = -4*g - 6*f, 0 = g - 3*f - 31. What is the remainder when u(-17) is divided by g?
39
Let i(n) = n + 26. Let y be i(-21). Suppose 16 = y*f - 39. Calculate the remainder when (-1 + 0)*(-5 + -37) is divided by f.
9
Suppose 2*v + 4 = 3*v. Suppose 0 = -0*k - 2*k - 2*a - 4, -2*a + v = 0. What is the remainder when 73 - k*3/6 is divided by 11?
9
Let g(w) = w**2 - 12*w - 593. Calculate the remainder when g(-20) is divided by 15.
2
Suppose 2*k - 19 = -x, -3*k - 31*x + 32*x + 36 = 0. What is the remainder when 235 is divided by k?
4
Suppose -34*w + 2635 = -3*w. Calculate the remainder when w is divided by (-2 + -7)*(-65)/39.
10
What is the remainder when ((-1)/(-1) + 0)*73 is divided by (7/28)/(-6*(-9)/4104)?
16
Calculate the remainder when 738 is divided by 51 + (-152)/(-8) + -8.
56
Suppose -21*g + 9*g = -16*g + 6648. What is the remainder when g is divided by 23?
6
Let a(k) = -k**3 + 31*k + 16. Let l be a(6). Calculate the remainder when 60 is divided by (-2)/(-4) - (6 - (-371)/l).
18
Let n = -6652 + 9919. What is the remainder when n is divided by 6?
3
Suppose n = 67*h - 70*h - 12, -n + 3*h = -36. Calculate the remainder when (3/(-2) - 1)*-10 is divided by n.
1
Suppose 18 = -46*j + 55*j. Let v be (2/1)/2*-5. Let n = v + 8. Calculate the remainder when n is divided by j.
1
Let l(s) = -s + 1. Let c be l(0). Let z(h) = 81*h**2 + h - 2. Let v be z(c). Let f = v + -50. Calculate the remainder when 59 is divided by f.
29
Let a(q) = -1580*q - 7875. Let g = -5 + 9. Suppose 9*k - 370 = g*k. Calculate the remainder when k is divided by a(-5).
24
Let c = -5 - -12. Let r = c + 4. Suppose 2*w - 48 = 5*n, -5*n + 0*n - 10 = 0. Calculate the remainder when w is divided by r.
8
Suppose 21*m = 4*s - 8021, -15 = -4*m - 35. Calculate the remainder when s is divided by 9.
8
Let l = -125 + 123. Calculate the remainder when 50 is divided by l + 1 - (5 + -25).
12
Let l(q) = -33*q + 55. Let v be l(-9). Suppose 13*f = -27 + v. What is the remainder when 12/(-30) - (-474)/10 is divided by f?
22
Let h = -3421 + 3427. Calculate the remainder when 514 is divided by h.
4
Suppose -o + 233 = -439. Let s(y) = 2*y**2 - 19*y - 13. What is the remainder when o is divided by s(14)?
107
Let h = -28976 - -28992. Calculate the remainder when ((-2)/6)/(2/(-186)) is divided by h.
15
Suppose 124*x - 129*x = -5. Let d(y) = -2*y**3 - 2*y**2 + 3*y + 2. Calculate the remainder when x + (-528)/(-14) - (-542)/1897 is divided by d(-2).
3
Let x = 171 + -176. What is the remainder when 17955/225 - 1/x is divided by (2 + 2)*(-21)/(-4)?
17
Suppose 9*f = 5*f - 2*s + 218, -f + 59 = -s. Suppose 11*k + f = 15*k. Calculate the remainder when 109 is divided by k.
11
Let h be 59/4 + (-21)/(-84). Suppose 3*q + 36 = h. Let u(n) = -9*n - 50. Calculate the remainder when 37 is divided by u(q).
11
Suppose 6 = -23*b + 6. Suppose q + 1 = b, -4*j - q + 140 + 11 = 0. Calculate the remainder when 41 is divided by j.
3
Suppose 5*b = 3*m - 170, 3*b + 25 = 8*b. Let i = m + -52. Suppose -i*n + 126 = -4*n. What is the remainder when n is divided by 4?
2
Suppose -131*m = -140*m + 1656. What is the remainder when m is divided by 29?
10
Let y be 180/84 - (-4)/84*-3. Suppose 5*l - 4*f - 657 = -0*l, 3*f - 272 = -y*l. Calculate the remainder when l is divided by 34.
31
Suppose -4*z - 3*t = -11422, 231*z - 236*z - t + 14261 = 0. Calculate the remainder when z is divided by 84.
79
Let b be ((-1158)/15)/((-869)/(-110) - 8). Suppose 788 = 40*k - b. What is the remainder when 226 is divided by k?
31
Let a be (9/6)/(27/(-90)). Let t(o) = -o**3 - 4*o - 24. Suppose 3*r + 41 = 4*r. What is the remainder when t(a) is divided by r?
39
Suppose -69 = -3*v + 5*d, 2*d = -9 + 3. Let w(f) be the first derivative of 6*f**2 - 8*f + 23. What is the remainder when w(11) is divided by v?
16
Suppose -q + y + 233 = 0, -26 = -q + 4*y + 195. What is the remainder when q is divided by (5*6/(-30))/((-2)/20)?
7
Let j = -2674 + 3168. Calculate the remainder when j is divided by 128.
110
Let o be (-2)/(-4)*10 - 2. Let y be (1/o)/(9/108). Suppose -j + 4*q + 215 = -0*q, 0 = y*q + 12. Calculate the remainder when j is divided by 34.
33
Let p = -121 + 127. Let f(w) = 5*w - 2. Let m(i) = -i. Let q(t) = 3*f(t) + 12*m(t). What is the remainder when 57 is divided by q(p)?
9
Let c be (-8 + (-360)/(-50))*(-630)/4. Suppose 121*i + 50 = c*i. What is the remainder when 3*((-35)/(-3) - -1) is divided by i?
8
Suppose -4*s + 256 = -0*s. Suppose 12041 - 3601 = 43*f - 13490. What is the remainder when f is divided by s?
62
Suppose -3*g + 40 + 53 = -3*p, 3*g + 3*p = 69. Suppose -630*c = 121*c - 155*c - 77480. Calculate the remainder when c is divided by g.
22
Suppose -26*n - 832 = 43*n - 8008. Calculate the remainder when 1665 is divided by n.
1
Suppose -1982*m + 2010*m = 476. Calculate the remainder when 1/(2 - 93/47) is divided by m.
13
Suppose 0 = -5*g - 2*a + 135, -3*g - 97 = -6*g + 2*a. Calculate the remainder when 99 is divided by g.
12
Let p(c) = 5*c**2 - 174*c - 20. Let d be p(35). Suppose d*b = 10*b + 215. What is the remainder when 84 is divided by b?
41
Let s(o) = o**2 - 17*o - 521. What is the remainder when 350 is divided by s(-18)?
23
Suppose 5*r - 40 = -2*q - 20, -5*r + 2*q = -40. Calculate the remainder when 39 is divided by r.
3
Let h(f) = -8*f. Suppose -36*s - 426 = -39*s. What is the remainder when s is divided by h(-3)?
22
Suppose 0 = -5*w + 2*r + 4896, w + 3*r - 933 = 53. What is the remainder when w is divided by 4?
0
Let k(u) = u**3 + 27*u**2 + 91*u + 37. What is the remainder when k(-22) is divided by 150?
5
Suppose -1382*n + 1371*n + 27203 = 0. What is the remainder when n is divided by 99?
97
Let w = 215 + -629. Let c = 428 + w. Let x = -21 + 50. What is the remainder when x is divided by c?
1
Let t = -5301 - -5356. What is the remainder when -12*(183/(-12) + -3) is divided by t?
54
Let g(l) = 6*l - 40. Let s be g(9). Suppose -10*i + s*i = 12. Suppose j = -i*j + 16. What is the remainder when j is divided by 3?
1
Suppose -13 = 2*r + 5*p + 8, 0 = 5*r - 4*p - 30. Suppose -5*f = -8*h + 13*h - 1835, -3*f = r*h - 739. What is the remainder when h is divided by 93?
83
Suppose -5*c - 1 = -3*h, -6 = -h + c - 5. Let q be (-4)/(-6)*(-138)/368*0. Suppose q = h*p - p - 36. What is the remainder when 143 is divided by p?
35
Let k = 3033 + -2995. Let j be (-5)/(((-8)/46)/4). Let w = j - 42. Calculate the remainder when w is divided by k.
35
Let w = 12413 - 12373. Let l(j) = -7*j - 1. Let f be l(-1). Suppose h - 2*h + f = 0. Calculate the remainder when w is divided by h.
4
Calculate the remainder when 2925 is divided by 64 - 42 - (-2 - -8)*1.
13
Suppose -228*n + 216*n + 2520 = 0. What is the remainder when 303 is divided by ((-3)/(-2))/(n/3080)?
17
Let n(j) = j**2 + 13*j - 32. Let y be n(-15). Let q be 18*y/((-12)/22). Suppose q = -4*o + 326. Calculate the remainder when o is divided by 33.
32
Suppose x - 40 = -4*n - 11, -156 = -4*x + 4*n. What is the remainder when 1032 is divided by x?
33
Suppose -4*k + 484 = -5*f + 239, -3*f + 334 = 5*k. What is the remainder when 263 is divided by k?
3
Suppose 179*y + 133 = 4*h + 182*y, 0 = -2*h - 3*y + 65. Calculate the remainder when 144 is divided by h.
8
Let d = -149 + 217. Suppose -6*x + 64 + 8 = 0. Suppose 4*w = 5*b + 125, 3*b + b - x = 0. What is the remainder when d is divided by w?
33
Let p = 2216567 + -2216438. Let c(f) = -55*f**2 + f. Let l be c(1). Let n = l + 98. Calculate the remainder when p is divided by n.
41
What is the remainder when 211 is divided by 295/(-4130) + (-2773)/(-14)?
13
Let s be (-356)/(-40)*2 + 40/(-50). 